74700.
510
Calculate the greatest common divisor of 96704320 and 30.
10
What is the greatest common factor of 107352 and 79810248?
11928
What is the highest common divisor of 10440498 and 11058?
582
Calculate the greatest common factor of 8066 and 164663357.
4033
What is the greatest common divisor of 715 and 3949231?
143
Calculate the highest common factor of 576883789 and 2383.
2383
What is the highest common divisor of 60568 and 7905480?
904
Calculate the greatest common divisor of 1460696 and 968.
8
Calculate the greatest common divisor of 99631 and 3992191.
2317
Calculate the greatest common divisor of 49 and 179764095.
49
Calculate the highest common divisor of 5574858 and 742.
106
What is the greatest common divisor of 1124496 and 16308?
108
Calculate the greatest common factor of 95057570 and 22170.
7390
Calculate the highest common factor of 15 and 2366893005.
15
Calculate the greatest common divisor of 43016 and 38540072.
2264
Calculate the greatest common factor of 72765 and 631800.
135
What is the greatest common divisor of 72845474 and 806?
806
What is the greatest common divisor of 160 and 766042400?
160
Calculate the greatest common factor of 40534427 and 801.
89
Calculate the highest common divisor of 617375 and 867917.
449
What is the highest common factor of 67272369 and 114?
57
What is the greatest common divisor of 1533 and 11174289?
21
What is the highest common factor of 8585 and 71406596?
1717
What is the greatest common factor of 549 and 800302920?
183
Calculate the highest common divisor of 32 and 4258600.
8
Calculate the highest common factor of 268764 and 2052.
12
Calculate the greatest common factor of 100 and 84639550.
50
What is the greatest common factor of 187964 and 124166?
686
Calculate the greatest common divisor of 11012638 and 26.
26
What is the greatest common divisor of 2492 and 1659828996?
2492
What is the greatest common factor of 7491310 and 291?
97
What is the greatest common divisor of 37477 and 913?
11
What is the greatest common factor of 1200 and 15176400?
1200
Calculate the greatest common divisor of 1304 and 3744436.
652
Calculate the greatest common factor of 2935208 and 88.
8
Calculate the highest common factor of 215004 and 12374.
46
Calculate the highest common divisor of 42 and 20833694.
14
What is the highest common divisor of 44407 and 442739?
121
What is the greatest common divisor of 15 and 212643165?
15
Calculate the highest common factor of 1777832 and 673736.
2968
What is the highest common divisor of 926843985 and 914?
457
What is the highest common divisor of 29844581 and 169?
13
What is the highest common factor of 944 and 203568?
16
Calculate the greatest common divisor of 268686 and 1672650.
1062
Calculate the highest common factor of 203392 and 2453416.
12712
Calculate the highest common divisor of 455860680 and 4.
4
What is the highest common factor of 1224 and 8057677?
17
Calculate the greatest common factor of 171 and 82971081.
171
What is the highest common factor of 21763 and 35?
7
What is the greatest common factor of 7 and 103104043?
7
Calculate the highest common factor of 24002021 and 1654.
827
What is the highest common factor of 16506 and 3541454?
1834
What is the highest common divisor of 37293 and 1285911?
93
What is the highest common divisor of 83290 and 994?
2
Calculate the greatest common factor of 12542556 and 3404.
148
Calculate the greatest common factor of 3978 and 547207713.
1989
Calculate the highest common divisor of 5694065 and 4199.
221
What is the greatest common factor of 1584228 and 165?
3
Calculate the highest common factor of 504 and 15615474.
42
What is the highest common factor of 29 and 18186451?
29
What is the greatest common divisor of 410 and 24384730?
10
Calculate the highest common factor of 307893616 and 752.
752
Calculate the highest common divisor of 325 and 901975.
25
Calculate the highest common factor of 12152909 and 1258.
629
Calculate the highest common factor of 4558 and 3153500.
106
What is the greatest common divisor of 45 and 21123?
9
What is the greatest common factor of 679024 and 56110?
62
Calculate the greatest common divisor of 5 and 11170815.
5
Calculate the greatest common factor of 63666 and 9622998.
2358
Calculate the highest common factor of 15189 and 8421843.
183
Calculate the greatest common factor of 369801240 and 90.
30
What is the highest common divisor of 20483985 and 9960?
1245
Calculate the greatest common divisor of 955009 and 29546.
187
What is the greatest common divisor of 1120 and 54252625?
35
What is the greatest common divisor of 226712 and 1717?
17
Calculate the greatest common divisor of 885 and 5160081.
177
Calculate the greatest common divisor of 2784 and 14991492.
348
What is the greatest common divisor of 25900792 and 136826?
3698
What is the highest common factor of 53750 and 11848750?
1250
What is the greatest common factor of 4855988984 and 8932?
8932
Calculate the highest common factor of 17595740 and 418084.
3292
What is the greatest common divisor of 2656953983 and 31?
31
What is the highest common divisor of 58672383 and 42?
21
What is the greatest common divisor of 17821270 and 170?
170
Calculate the highest common factor of 56 and 5664386.
14
What is the greatest common factor of 421948 and 118784064?
11404
Calculate the highest common divisor of 221 and 3010943.
13
What is the greatest common divisor of 13556883 and 12855?
2571
What is the highest common factor of 17799 and 42993?
51
What is the greatest common factor of 5 and 20998223?
1
What is the highest common divisor of 121 and 4612399?
121
What is the greatest common factor of 417139 and 278?
139
Calculate the highest common factor of 3170 and 844171.
317
What is the highest common divisor of 362877195 and 3?
3
Calculate the greatest common divisor of 1755 and 6777459.
351
What is the highest common divisor of 280423 and 593887?
37
Calculate the highest common factor of 7975315 and 15.
5
Calculate the highest common divisor of 1080 and 170462520.
360
Calculate the highest common factor of 4507283 and 11.
11
Calculate the highest common divisor of 12 and 10410879.
3
What is the highest common factor of 9075054 and 102?
6
What is the highest common factor of 14839 and 602932?
781
Calculate the highest common factor of 5452 and 114028.
116
Calculate the highest common factor of 2915692 and 224848.
2444
What is the greatest common divisor of 77 and 60604159?
77
Calculate the highest common factor of 37 and 599775957.
37
Calculate the greatest common factor of 157564427 and 559.
43
Calculate the greatest common factor of 2850 and 3519.
3
What is the greatest common divisor of 2032488 and 672?
24
What is the greatest common factor of 6789 and 8097?
3
Calculate the highest common factor of 411 and 1989788.
137
Calculate the highest common divisor of 40154283 and 117.
117
What is the greatest common divisor of 583835 and 2303?
49
What is the greatest common divisor of 32 and 89792672?
32
What is the highest common factor of 382302 and 4773069?
2853
What is the greatest common divisor of 822664 and 81328?
3128
What is the highest common divisor of 535958 and 47882?
178
What is the greatest common divisor of 38400 and 3481440?
480
Calculate the highest common factor of 598419905 and 886.
443
What is the highest common factor of 35447122 and 266?
38
What is the highest common divisor of 4845594 and 9842?
74
What is the highest common factor of 157715 and 6265?
5
Calculate the highest common divisor of 8736 and 580476.
156
What is the highest common factor of 471359 and 466?
233
Calculate the greatest common factor of 222309 and 12546.
153
What is the greatest common factor of 30012 and 348798?
366
Calculate the greatest common factor of 434472 and 117519.
129
Calculate the highest common factor of 165888258 and 8226.
2742
What is the greatest common divisor of 2391 and 89364?
3
Calculate the greatest common divisor of 4836 and 613808.
52
What is the highest common factor of 2010 and 3345042?
402
What is the highest common factor of 380 and 4540?
20
What is the greatest common divisor of 53 and 28708457?
53
Calculate the highest common factor of 2673 and 1263372.
33
What is the highest common divisor of 695 and 255559145?
695
Calculate t